2 + 1. Let i be p(-1). Let q = -564 - -596. What is the highest common factor of i and q?
32
Let v = -480 + 831. What is the highest common factor of 108 and v?
27
Suppose -695*u + 170 = -678*u. What is the greatest common factor of u and 4?
2
Suppose -2*l - 2*l + 2*c = -6, -12 = 4*c. Suppose l = 4*y + 3*s - 469, 0 = 5*y + 2*s - 3*s - 610. What is the greatest common factor of y and 11?
11
Let w be -4 + 1/((-3)/(-2))*237. What is the highest common divisor of w and 44?
22
Let q be (4/(-5)*7)/((-3)/(-15)). Let c = q - -37. Calculate the greatest common factor of c and 99.
9
Let x be 202/14 + 5*3/(-35). Calculate the highest common factor of x and 217.
7
Let p be 490/(-686) - 89/(-7). Let g = -27 + 42. Calculate the greatest common divisor of p and g.
3
Suppose -z + 44 = -2*m, 5*z + 2*m + 2*m - 164 = 0. Calculate the greatest common factor of 3 and z.
3
Let h = -37 - -14. Let o = 32 + h. Let q = -81 + 90. Calculate the highest common divisor of q and o.
9
Let v(s) = s**3 + 6*s**2 + 3*s - 5. Let d be ((-1)/3)/(5/75). Let t be v(d). Let j be 396/10 - (-5)/(75/6). What is the greatest common divisor of t and j?
5
Let o = -2 + 24. Suppose -20*l + 605 = -9*l. Calculate the highest common divisor of o and l.
11
Suppose -2*h + t + 355 = 0, 2*h - 522 = -h - 2*t. Let i = 3 + 13. Calculate the greatest common factor of h and i.
16
Suppose -3*y + 564 - 204 = 0. Suppose 40 = 3*r + 4*s, r - 207*s = -203*s + 8. What is the greatest common divisor of r and y?
12
Let h = 3165 + -2005. Calculate the highest common factor of h and 30.
10
Suppose -5*u + 38 = -42. Suppose 0 = -2*y, 3*x - 6*x = 2*y. Suppose -2*p + x*p = -16. Calculate the greatest common factor of p and u.
8
Let a(k) = 42*k**3 + k**2 + 5*k + 3. Let p be a(-1). Let n = p + 47. What is the greatest common divisor of n and 52?
4
Suppose m = 409 - 29. Suppose -88 = -g + m. Suppose -4*r - 4*n = -g, 4*r - 581 = -r - n. Calculate the highest common factor of 29 and r.
29
Let m be 72/(-8)*3/(-27). Calculate the highest common factor of 27 and m.
1
Suppose 0*m = -2*k + 3*m + 8, 4*k - 16 = 2*m. Suppose -5*l + 70 = 3*n, -4*n = k*l - 5*l - 101. What is the highest common factor of 175 and n?
25
Suppose 82*d = 89*d - 252. Let w(t) = -16*t - 1. Let k be w(-1). Let x be d/k*(-10)/(-4). Calculate the greatest common divisor of 6 and x.
6
Let z be 125/6 + (-14)/252*-3. Calculate the greatest common divisor of z and 12.
3
Suppose 5*x - x = -z - 7, 0 = -3*x + z. Let s be 23 + 2/(x/(1/1)). Calculate the greatest common divisor of s and 21.
21
Suppose -3*j + 2*o = -3, 4*o - 5 = 4*j - 9*j. What is the highest common divisor of j and 16?
1
Let o = 70 - 49. Let f = 193 + -179. Calculate the highest common factor of f and o.
7
Let q(h) = -h**3 - h**2 - h - 4. Let p be q(-3). Let r be ((-1496)/680)/(0 - 1/85). Calculate the highest common divisor of p and r.
17
Let l = 3 + 39. Let o = -3 - -5. Suppose 0 = m - o*m + l. Calculate the highest common divisor of 6 and m.
6
Let m(u) = -u**3 - 8*u**2 - 5*u + 50. Let r be m(-8). What is the highest common factor of r and 20?
10
Suppose 2*w - 14 = -5*u + 3*u, -w - 2*u + 10 = 0. Suppose 0 = 143*q - 160*q + 748. What is the highest common factor of q and w?
4
Let w = 218 - 215. Calculate the greatest common factor of w and 21.
3
Let y = -12 + 5. Let r = -3 - y. What is the highest common factor of r and 12?
4
Let r be (-6)/(-4)*(-2660)/(-57). What is the highest common divisor of 110 and r?
10
Let n(x) = 2*x + 1. Let u be n(4). Let o be (-13 - (2 - 0))*(-30)/u. Let w = -4 - -14. What is the highest common divisor of o and w?
10
Let q = 2 + 7. Let p(d) = -d**3 + 4*d**2 - 14*d + 13. Let z be p(q). Let c be z/(-98) - 4/14. Calculate the greatest common factor of c and 1.
1
Suppose -4*f + 200 = -s, -104*f = -105*f + 3*s + 39. Suppose 80 = 5*u - q, 2*u - 4*q - 24 = -2*q. What is the greatest common divisor of u and f?
17
Let b(v) = -v**3 + 13*v**2 - v + 25. Suppose 5*d - 3*d = 4*l - 58, 2*d = -4*l + 46. Let m be b(l). Calculate the highest common factor of m and 204.
12
Let k = 250 - 202. What is the highest common factor of 12 and k?
12
Let w(t) = t**2 + 3*t + 5. Let c be w(-5). Let l be (-9)/6 - 273/(-2). Calculate the highest common divisor of c and l.
15
Let s = 28 + -12. Let y = 31 + -22. Let q = 57 - y. Calculate the greatest common divisor of q and s.
16
Let i be 30/(-225) + (-797)/(-15). Let b = 83 - i. What is the highest common divisor of b and 10?
10
Suppose 38*q - 4 = 37*q. Let t = -1 + q. Suppose -4*s + 49 = h, s - t*s - 223 = -5*h. What is the greatest common factor of 9 and h?
9
Let n(s) = -2 - s**3 + 139*s + s**2 - 136*s + 0*s**2. Let y be n(-3). Calculate the greatest common divisor of 5 and y.
5
Suppose j - 30*j + 18183 = 0. What is the highest common factor of 66 and j?
33
Suppose -130 - 486 = -4*k. Calculate the greatest common divisor of 182 and k.
14
Let j be (6/(-5))/((-6)/140). Let m(q) = -2*q - 2. Let u be m(-2). Suppose -u*d + 31 = 3*f, 3*d = 4*f - 16 + 3. Calculate the greatest common factor of j and f.
7
Let a be 40/(-30)*(-5 + 154/(-4)). Let c = 324 + -179. Calculate the highest common factor of a and c.
29
Suppose -3*n = -4*z + 5, 2*z - 5 = 2*n - z. Let u(r) = 1 - r - 2*r + 19*r**2 + n*r. Let q be u(-1). What is the greatest common divisor of q and 12?
6
Let w(z) be the first derivative of -z**2 - 4*z - 2. Let t be w(-4). Calculate the highest common divisor of t and 4.
4
Let t(i) = 20*i**2 - 16*i - 63. Let s be t(7). Calculate the highest common divisor of 46 and s.
23
Suppose -109*z + 57 + 21 = -140. Suppose -4 = 5*h - 3*v, h - 1 - 6 = -2*v. Calculate the highest common divisor of h and z.
1
Let s(n) = 2*n**2 + 5*n + 1. Let k be s(5). Let b = -948 + 967. What is the highest common divisor of b and k?
19
Suppose 51 = -4*l + l + 3*j, 5*j + 10 = 0. Let w be (-4 + 1)*l/1. Suppose -4*g + w = 3*u, -2*g - 66 = -5*u + g. What is the highest common factor of 15 and u?
15
Let y(m) = 6*m + 24. Let s be y(0). Suppose 2*k + 70 = -3*k. Let p = s + k. Calculate the highest common factor of p and 90.
10
Let i be (-6970)/(-22) - -3 - 12/(-66). What is the highest common factor of i and 60?
20
Let m(l) = -l**3 - 10*l**2 - 13*l. Let c be m(-9). What is the highest common divisor of c and 486?
18
Suppose -224*g = -225*g + 365. Calculate the greatest common divisor of 73 and g.
73
Suppose -w - w = -36. Suppose -t = 2*i - 2*t - 6, 12 = 4*i + t. Suppose 5*d + 6 = 2*d + 5*m, 3*d = -i*m + w. What is the greatest common factor of 2 and d?
1
Let b(t) = -2*t**2 - 31*t - 15. Let x(d) = -d**2 - 15*d - 7. Let f(g) = -4*b(g) + 9*x(g). Let c be f(-10). What is the greatest common factor of 56 and c?
7
Let b = -5 - -9. Suppose b*p - 23 = 9. Suppose 0*j = -2*z - 3*j + 134, -2*j + 260 = 4*z. What is the greatest common divisor of z and p?
8
Let p = 0 + -5. Let r be (5/p - -2)*1. Calculate the highest common divisor of 2 and r.
1
Let i be 1 - ((3 - 3) + -1). Suppose 6*k = i*k + 336. Let j = -66 + 78. What is the greatest common divisor of k and j?
12
Suppose -76 + 268 = 16*h. What is the greatest common factor of h and 132?
12
Let r = 63 - 55. What is the greatest common factor of r and 232?
8
Suppose -15 = -11*t + 1305. Calculate the greatest common factor of 50 and t.
10
Suppose 2*k - 560 = k. What is the highest common factor of 70 and k?
70
Let k = -4 - -8. Suppose k*s + 2*s = 432. Suppose 4*j - 27 = 5. Calculate the greatest common divisor of j and s.
8
Let m = -60 - -108. What is the greatest common divisor of m and 192?
48
Let l = 168 + 570. Calculate the greatest common factor of l and 18.
18
Let h(z) = 35*z - 26. Let q be h(4). What is the greatest common divisor of 190 and q?
38
Let t be (-16)/3*(-570)/38. What is the greatest common factor of t and 140?
20
Let z = 45 - -5. Suppose -3*m - 5*j = -6*j + 39, -3*m - 5*j - 39 = 0. Let y be (-30)/z + m/(-5). Calculate the highest common factor of 22 and y.
2
Let u = 165 - 249. Let w = u - -524. What is the greatest common factor of 40 and w?
40
Suppose -7 = r - 3*z - 1, -3*r + 12 = z. What is the greatest common factor of 633 and r?
3
Let d(x) = 7*x - 6*x**3 + 3*x**3 + 4*x**3 + 6*x**2 + 5. Let n be d(-4). Suppose -2*j + j = -27. Calculate the greatest common divisor of j and n.
9
Let v(j) = 7*j - 14. Let w be v(10). Suppose -5*k = -2*i 